866. What is the ten thousands digit of s?
2
Let n(z) = 45*z**2 - 864*z + 29. What is the tens digit of n(32)?
6
Let v = -493 + 829. Let h = v + -274. What is the tens digit of h?
6
Let d(s) be the third derivative of -s**6/120 + 17*s**5/60 - s**4/2 + s**3/6 - 36*s**2 - 2. What is the units digit of d(15)?
1
What is the hundreds digit of (2 + 104818/4)*(-11 + 280/24)?
4
Let b(r) = -7*r - 107. Let o(y) = 9*y + 88. Let x(s) = -2*b(s) - 3*o(s). Suppose j = -4*a - 32 + 3, 0 = 2*a + 4. What is the tens digit of x(j)?
2
Suppose 9 = 5*k - 6*k. Let h(i) = 8*i**2 - 10*i + 12. Let x be h(k). Suppose -14*l - x = -19*l. What is the tens digit of l?
5
Let g(r) = 15*r - 20. Let w be g(8). Let l = -75 + 37. Let k = w + l. What is the tens digit of k?
6
Suppose 5*r + 2*x - 139752 = -56061, -3*r = -2*x - 50205. What is the tens digit of r?
3
Let p(c) = -c**3 + 28*c**2 + 711*c - 15. What is the tens digit of p(-17)?
0
Let y be (-1764)/2*45/(-18). Suppose -8*t + 17*t - y = 0. What is the tens digit of t?
4
Let f(w) = -2*w - 22. Let g = -27 - -15. Let d be f(g). Suppose -4*z - 5*l + 0*l = -147, 71 = d*z + 3*l. What is the tens digit of z?
4
Let w(y) = 73*y**2 - 4*y + 9. Suppose -4*l - 8 = 0, -2 = -0*x + 3*x + 4*l. What is the hundreds digit of w(x)?
2
Suppose -5*i + 26651 = -133*l + 135*l, -5*i = 4*l - 26647. What is the tens digit of i?
3
Suppose -5*l - w = -7, 4*l + 4*w = 2*w + 2. Let r(j) = -4*j - 3. Let p be r(l). Let d = 22 - p. What is the units digit of d?
3
Let n(u) = 218*u**2 + 25*u + 2. Let z be n(-3). Suppose 10*v = z + 2311. What is the units digit of v?
0
Let l(f) = f**3 + 21*f**2 + 111*f + 13. Let a be l(-11). Suppose 6*i - 8264 = a*i. What is the tens digit of i?
6
Suppose 0 = -13*g + 4*g + 2385. Suppose -2*w = -28 + 8. Let y = g - w. What is the hundreds digit of y?
2
Let h = 667 - -984. Suppose 97*t + h = 98*t. What is the hundreds digit of t?
6
Let r be (-66)/(-8) + ((-3)/(-4))/1. Suppose f + r = 4*f. Suppose f*j = 42 + 9. What is the tens digit of j?
1
Suppose 491*d + 469995 = 506*d. What is the tens digit of d?
3
Let i(s) = 7*s**2 - 22*s + 26. What is the thousands digit of i(-52)?
0
Let b be (-22)/1*(-52 - 50). Let d = b - 943. What is the units digit of d?
1
Suppose 0 = -78*n + 89*n + 18216. What is the hundreds digit of (n/48)/(3/(-72))?
8
Suppose -14856 = -4*h - 3*w, 18570 = 49*h - 44*h + 5*w. Suppose -2271 = -15*i + h. What is the tens digit of i?
9
Suppose 502*h + 3*a = 506*h - 199357, -25 = -5*a. What is the ten thousands digit of h?
4
Let x(f) = 7069*f**3 - 5*f**2 - 4*f + 17. What is the tens digit of x(2)?
4
Let y be ((9 - 7) + 1)/((-3)/(-3382)). Suppose -15*o + y = 217. What is the hundreds digit of o?
2
Let z(j) = -4 + 51*j - 19 - 131*j + 91*j. Suppose -4*n + 5*g + 35 = 0, n = 4*n + 2*g - 55. What is the hundreds digit of z(n)?
1
Let l(t) = -t**2 - 12*t + 45. Let n be l(-15). Suppose -5*q - 6*q + 5170 = n. What is the hundreds digit of q?
4
What is the ten thousands digit of (34477 - (-2 - -7)) + (22 - 30)?
3
Let x(c) = -748*c + 440. What is the tens digit of x(-14)?
1
Let z = 20037 + -6881. What is the units digit of z?
6
Let s(y) = -y**3 - 3*y**2 + 16*y - 10. Let b be s(-6). Suppose -4*i = -2*r - 4, 2*i + b*i - 4*r = 8. Suppose 6*u - 4*u - 144 = i. What is the tens digit of u?
7
Suppose -c + 9519 = -5341 + 2869. What is the tens digit of c?
9
Let j(g) = g + 2. Let h(t) = 10*t**2 - 60*t - 100. Let z(s) = h(s) + 50*j(s). What is the units digit of z(2)?
0
Let a(d) = 35*d - 313. Let s be a(9). Suppose 0 = -s*g - 12*g + 4522. What is the hundreds digit of g?
3
Suppose 39*z - 56*z = -174471. What is the hundreds digit of z?
2
Suppose 51*n = 5*w + 53*n - 156578, 0 = 5*w + n - 156584. What is the hundreds digit of w?
3
Let m(h) = 13*h**2 + 11*h - 2. Let c be m(-1). Suppose 21*u - 6686 - 7531 = c. What is the units digit of u?
7
Suppose c - 7905 = -r, 0 = 5*c - 4*c - 3*c. What is the tens digit of r?
0
Suppose -l - 2 = -j, -11*j + 6*j + 28 = l. Suppose 3*q = 2*d - 2987, -7475 = -j*d + 30*q - 25*q. What is the units digit of d?
8
What is the thousands digit of -6 + 2592 + -5 - ((-112)/7)/(-4)?
2
Suppose -3*g + 2572 = 5*u, -3*g - 4*u + 2560 = -5*u. Suppose 0 = -2*l + g - 280. What is the tens digit of l?
8
Let z(q) = -q**2 - 6*q + 25*q + 3 + 4*q. What is the units digit of z(5)?
3
Let w(b) be the second derivative of -1/10*b**5 - 2*b**2 + 11/12*b**4 - 14*b + 0 - 2/3*b**3. What is the tens digit of w(4)?
2
Let i(c) = 50 - 100 + 62 - 2*c + c**2. What is the tens digit of i(-10)?
3
Let r(a) = -69*a**3 + a**2 + a + 1. Let o be r(-1). Suppose 0 = z - 8*z + o. What is the tens digit of 4*(195/z + -5)?
5
Suppose 99 = -5*s - 31. Let u = -21 - s. Let k = 11 - u. What is the units digit of k?
6
Let h = -4 + 31. Let l = h - 33. Let s(u) = -11*u + 3. What is the tens digit of s(l)?
6
Suppose -5*d = 25, 2*h - 4*d = -0*h + 2974. Suppose -13*m - 229 = -h. What is the tens digit of m?
9
Suppose 3*q + 3 = 3*v, -3*q + 4*v + 0*v - 8 = 0. What is the tens digit of (-12)/24 - (-1858)/q?
6
Suppose 4*v = -2*z - 6, 2*z - 25 = z + 5*v. Suppose -d + 4*h + 0*h + 69 = 0, -326 = -z*d + h. What is the tens digit of d?
6
Suppose 20*a + 4576 = -4364. Let t = a + 495. What is the units digit of t?
8
Suppose -49 - 33 = -2*l. Let n(s) = l + 0*s - 40 + 5*s + 10*s**2 - 2*s. What is the tens digit of n(-2)?
3
Suppose 8 = -2*v + 4*h + 2, 4*h = -v + 21. Suppose 845 = -5*n - q, v*n + 4*q - 368 = -1198. What is the units digit of (1156/n)/(-1 + 8/10)?
4
Suppose 204704 = 4*h - d, -2*h - 370*d + 102308 = -365*d. What is the hundreds digit of h?
1
Let t(m) = m**3 + m**2 - m - 1. Let o(q) = 2*q**3 + 14*q**2 - 16*q - 19. Let g(z) = o(z) - t(z). Let l be g(-14). What is the tens digit of 30/l*(132/30 + -6)?
1
Suppose -2*h + 1402 = -3*j, -5*j = -h - j + 706. Suppose 4*r = 2*i - 1396, -i + h = -2*r + 4*r. What is the units digit of i?
8
What is the units digit of (57 + -7)*(10503/6)/9?
5
Suppose -3*k + 4*h + 38445 = -51194, -3*h + 3 = 0. What is the ten thousands digit of k?
2
Let k = -64 + 68. What is the tens digit of k + (-539)/(-5) - 2/(-10)?
1
What is the tens digit of 6096 - 16/((-192)/(-84))?
8
Let k be 19/(57/126) + -7 + 3. Suppose -44*w = -k*w - 11706. What is the thousands digit of w?
1
What is the thousands digit of ((-17)/(1122/21868))/((-2)/45)?
7
Let t = 112202 + -55844. What is the thousands digit of t?
6
Suppose -3*j - 8*y + 5402 = -6*y, -3*j - y = -5401. What is the units digit of j?
0
Let t(c) = -1700*c**2 + c + 5. Let h be t(-2). What is the units digit of h/(-9) - 18/81?
5
Let c(k) = 2084*k - 4037. What is the hundreds digit of c(5)?
3
Let q = 50126 - 28719. What is the thousands digit of q?
1
Suppose 1 = -7*m + 8. Let j be (-2)/11 + m + 39/33. Suppose -3*n + s = 3*s - 76, -j*n + 55 = -3*s. What is the tens digit of n?
2
Let u be 2/4 - (-112)/(-32). Let n be (500 - 0) + u/(-3). Suppose 5*p - 79 - n = 0. What is the units digit of p?
6
Suppose 5*o - 4*p - 2465 = 8*o, o + p + 823 = 0. Let f = 1447 + o. What is the units digit of f?
0
Let h = -315 - -313. Let y = -7 - -3. What is the units digit of 4/(h + (-10)/y)?
8
Suppose -5*h + 13 = 4*q, 0 = -3*h + 3*q - q - 1. Suppose 2*o - h = -3, -4*b = 3*o - 2297. What is the tens digit of b?
7
Let y = 42775 - 26135. What is the ten thousands digit of y?
1
What is the units digit of 173/((-546700)/39625 - -14 - (-1)/(-5))?
1
Let p(h) = 2*h**3 + 3*h**2 - 3*h + 10. Let u be p(4). Let k = 2 + u. Let f = k - 103. What is the units digit of f?
3
Suppose 2*a - 43 = -5. Suppose a*s = 6*s + 1690. What is the units digit of s?
0
Suppose 58*j - 14 = 56*j. Let k(y) = 84*y + 93. What is the units digit of k(j)?
1
Let u = -1154 - -15125. Suppose -u = -17*b - 3363. What is the units digit of b?
4
Let h = -22 - -26. Let a(b) = 5*b - 12. Let j be a(h). Suppose w + j*w - 531 = 0. What is the tens digit of w?
5
Suppose 10 = 3*n - 2. Suppose -3*o - n*f + 166 = -337, 4*o = -2*f + 684. What is the tens digit of o?
7
Let o be (-2142)/24*-2*8/(-6). Let p = 738 + o. What is the hundreds digit of p?
5
What is the tens digit of 2/(12/(-201))*59008/(-64)?
8
Suppose 306878 = 55*y - 485617. What is the hundreds digit of y?
4
Let t be 2 + 45/(0 + 5). Let u(k) = 0*k + k - 53*k**2 + 7*k - t + 54*k**2. What is the units digit of u(-12)?
7
Let z(k) be the firs